2).
13
Let u(k) = 5*k + 30. Determine u(-9).
-15
Let p(z) = z**2 + 9*z - 8. Determine p(-8).
-16
Let w(u) = u**2 + 8*u + 24. Determine w(-6).
12
Let i(x) = x + 25. What is i(4)?
29
Let s(f) = f**3 + 2*f**2 - 4*f + 12. Give s(2).
20
Let c(w) = -w**2 + 4*w - 1. Determine c(-7).
-78
Let j(k) = -k**3 - k**2 + 3*k. Calculate j(-3).
9
Let y(z) = -z**2 - 19*z - 58. Calculate y(-16).
-10
Let z(y) = -y**3 - 17*y**2 - y - 24. What is z(-17)?
-7
Let y(b) = 4*b + 7. Calculate y(-2).
-1
Let g(x) = -2*x. Determine g(2).
-4
Let m(d) = -2*d - 74. What is m(-45)?
16
Let i(j) = -j**2 + 7*j - 5. What is i(4)?
7
Let j(l) = 9*l**2 + 28*l + 1. Determine j(-5).
86
Let p(h) = -2*h**2 - 6*h + 6. What is p(-5)?
-14
Let p(l) = -3*l + 2. Calculate p(-2).
8
Let b(j) = -j**3 + 10*j**2 - 8. Give b(10).
-8
Let q(h) = -22*h - 59. What is q(-4)?
29
Let l(z) = -3*z**2 - 6. Determine l(3).
-33
Let n(j) = 6*j - 6. Give n(4).
18
Let o(s) = -2*s**2 - 3*s + 10. What is o(4)?
-34
Let q(v) = -33*v - 192. What is q(-5)?
-27
Let s(n) = -n**2 - 19*n - 13. Give s(-17).
21
Let d(i) = -10*i. Calculate d(2).
-20
Let d(l) = 2*l**3 - 39*l**2 + 17*l + 15. Calculate d(19).
-23
Let y(c) = -c**3 - 9*c**2 + 19*c - 13. What is y(-11)?
20
Let h(f) = -f**2 - 27*f + 9. Calculate h(-21).
135
Let k(c) = 2*c**2 + 18*c + 40. Give k(-6).
4
Let w(h) = h**3 - 9*h**2 + 8*h - 2. What is w(8)?
-2
Let o(m) = 10*m**3 + 8*m**2 + 8*m - 1. Calculate o(-3).
-223
Let t(u) = -5*u - 4. Calculate t(4).
-24
Let a(r) = r**2 - 19*r - 45. What is a(21)?
-3
Let g(t) = t**2 + 2*t + 24. Give g(0).
24
Let z(m) = -5*m + 23. Give z(4).
3
Let c(f) = 5*f - 77. What is c(15)?
-2
Let g(t) = t**3 + 2*t**2 - 8*t + 2. Calculate g(3).
23
Let b(i) = 4*i + 36. Calculate b(-6).
12
Let s(n) = n**3 - 12*n**2 - 15*n - 4. What is s(13)?
-30
Let h(j) = -j**3 - 12*j**2 - 7. What is h(-12)?
-7
Let h(d) = -14*d - 235. What is h(-17)?
3
Let o(d) = d**3 - 6*d**2 - 2*d + 17. What is o(4)?
-23
Let i(y) = 11*y**2 - y + 8. Give i(-4).
188
Let o(x) = 5*x + 2. What is o(2)?
12
Let x(m) = m**3 - 7*m**2 - 6*m - 8. Calculate x(8).
8
Let o(g) = g**3 - 13*g**2 + 10*g + 29. Determine o(12).
5
Let y(g) = 17*g - 307. Determine y(17).
-18
Let g(m) = 7*m**2 - 5*m + 11. What is g(2)?
29
Let n(d) = d**2 - d + 10. Determine n(-6).
52
Let q(d) = d**3 + 13*d**2 + 11*d - 12. What is q(-12)?
0
Let w(k) = -16*k + 160. Determine w(10).
0
Let s(q) = -63*q - 60. Give s(-1).
3
Let b(t) = -10*t - 42. Calculate b(-7).
28
Let n(y) = y - 7. Give n(6).
-1
Let l(d) = -2*d**2 + 4*d. Give l(3).
-6
Let z(i) = 6*i + 227. What is z(-38)?
-1
Let w(u) = -u**3 - 9*u**2 + 13*u - 13. Determine w(-10).
-43
Let v(z) = -2*z**3 - z**2 - 2*z - 1. What is v(-1)?
2
Let h(v) = -v**3 - 4*v**2 - 3*v + 3. What is h(0)?
3
Let m(l) = l**3 - 4*l**2 + 4*l - 4. Give m(3).
-1
Let q(l) = 2*l + 23. What is q(-11)?
1
Let t(a) = -a**3 + 18*a**2 - 32*a + 252. Determine t(17).
-3
Let f(u) = u**3 + 55*u**2 + 56*u + 106. What is f(-54)?
-2
Let l(y) = -y**3 + 9*y**2 + 7*y + 8. Calculate l(10).
-22
Let r(y) = 25*y**2 - 18*y - 19. Determine r(-1).
24
Let i(j) = -j + 13. Calculate i(7).
6
Let z(o) = o**2 + 3*o + 1. Calculate z(-1).
-1
Let x(v) = 3*v + 7. Determine x(-4).
-5
Let z(l) = l**2 - 14. Give z(6).
22
Let w(p) = p**2 + p - 68. Give w(0).
-68
Let r(d) = -9*d - 13. Determine r(-4).
23
Let w(y) = 8*y**3 + 17*y**2 - y + 1. What is w(-2)?
7
Let a(u) = -6*u**2 + 2*u + 3. Give a(-2).
-25
Let f(h) = h**2 + 8*h - 46. What is f(4)?
2
Let r(s) = s**3 - 5*s**2 + 9*s - 4. Determine r(5).
41
Let a(m) = 7*m**3 - 3*m**2 - 3*m + 2. What is a(3)?
155
Let j(k) = -2*k + 20. Determine j(6).
8
Let o(q) = 2*q**2 - 27*q + 44. Calculate o(11).
-11
Let g(x) = -x**3 + 22*x**2 + 2*x - 47. What is g(22)?
-3
Let y(r) = 37*r**3 + 2*r - 1. Determine y(1).
38
Let g(s) = 7*s - 33. Determine g(4).
-5
Let a(v) = v**2 - 11*v - 30. Determine a(13).
-4
Let r(v) = 2*v**2 - 10*v. Give r(5).
0
Let s(n) = 3*n**2 - 44*n + 23. Calculate s(14).
-5
Let h(x) = -x - 32. Give h(19).
-51
Let w(t) = 7*t**2 - 2*t + 1. Give w(-3).
70
Let j(z) = 4*z + 70. Determine j(-16).
6
Let u(o) = o**2 - 8*o - 5. What is u(9)?
4
Let i(v) = -v**2 + 2*v - 2. Determine i(3).
-5
Let j(b) = -b**2 + 2*b + 4. What is j(-2)?
-4
Let y(w) = -w**3 + 6*w**2 - 3*w - 5. What is y(5)?
5
Let g(a) = a**3 - 7*a**2 + 8*a. Calculate g(5).
-10
Let b(c) = -41*c - 1314. Give b(-32).
-2
Let j(u) = -2*u**2 - 11*u - 1. Give j(-6).
-7
Let l(a) = -8*a**2 + 14*a + 13. Calculate l(5).
-117
Let f(m) = -8*m - 66. Give f(-9).
6
Let b(k) = -k**2 + 29*k + 42. Determine b(31).
-20
Let m(b) = 2*b**3 - 2*b**2 + b + 1. Give m(-2).
-25
Let m(h) = 11*h - 4. What is m(1)?
7
Let z(h) = -h**3 + 9*h**2 + 21*h + 13. Calculate z(11).
2
Let s(t) = -2*t**3 - 2*t**2 - 5*t - 6. Calculate s(-3).
45
Let f(q) = q**3 + 8*q**2 + 16*q + 9. Determine f(-5).
4
Let k(z) = 2*z**2 - 40*z - 41. Determine k(20).
-41
Let l(c) = -4*c**2 - 31*c + 1. Calculate l(-8).
-7
Let m(x) = -8*x**3 + x**2 - 3*x + 1. Calculate m(1).
-9
Let r(l) = -4*l - 12. What is r(-18)?
60
Let v(i) = 2*i - 5. Give v(3).
1
Let j(x) = 15*x - 26. Give j(1).
-11
Let i(t) = -5*t**2 + 19*t + 6. What is i(4)?
2
Let o(p) = 2*p - 1. Determine o(-4).
-9
Let b(x) = -x**3 - 17*x**2 - 59*x + 28. Give b(-12).
16
Let l(v) = 2*v**2 + 4*v - 6. Determine l(4).
42
Let g(x) = x**3 - 5*x**2 - 8*x + 15. Calculate g(6).
3
Let p(i) = -i**3 - 2*i**2 - 2*i + 4. Determine p(-2).
8
Let x(r) = -r + 21. Calculate x(7).
14
Let f(h) = -h**2 - 16*h + 45. Determine f(-19).
-12
Let w(k) = -k**3 + 18*k**2 - 4*k - 8. What is w(18)?
-80
Let y(a) = -6*a + 48. Calculate y(14).
-36
Let d(w) = -w**2 - 7*w - 34. Give d(-6).
-28
Let w(j) = j + 6. Determine w(-10).
-4
Let a(y) = -y**3 - 6*y**2 + y + 9. Give a(-6).
3
Let f(h) = -h**2 - 10*h + 5. Calculate f(-8).
21
Let g(y) = 2*y**2 - 33*y - 42. Determine g(19).
53
Let k(b) = 7*b - 4. What is k(2)?
10
Let y(q) = 4*q + 13. Give y(-2).
5
Let s(g) = -11*g - 37. Determine s(-3).
-4
Let q(x) = -7*x + 165. Calculate q(22).
11
Let l(j) = 8*j + 3. What is l(-11)?
-85
Let r(t) = -t**2 + 28*t - 73. What is r(25)?
2
Let r(d) = 3*d - 24. Give r(12).
12
Let q(f) = -f**3 - 9*f**2 - 12*f + 12. What is q(-7)?
-2
Let z(n) = -10*n**2 - 14*n + 14. Calculate z(1).
-10
Let z(a) = -a**3 + 29*a**2 + 4*a - 118. Calculate z(29).
-2
Let x(j) = -18*j - 34. Give x(-2).
2
Let u(a) = 9*a**3 - a**2 + 3*a - 1. What is u(1)?
10
Let l(r) = 6*r - 9. Determine l(9).
45
Let i(c) = -c**3 - 8*c**2 + 3*c + 4. Determine i(-8).
-20
Let l(r) = 57*r - 236. Determine l(4).
-8
Let v(a) = a**3 - 6*a**2 + 19*a - 71. Calculate v(5).
-1
Let v(f) = 2*f**2 - f - 1. What is v(2)?
5
Let z(a) = 2*a**2 - 3*a + 1. Calculate z(-5).
66
Let j(a) = 13*a**2. Calculate j(1).
13
Let g(j) = 134*j - 1475. Give g(11).
-1
Let h(y) = -y**3 - 11*y**2 + 11*y - 11. Calculate h(-12).
1
Let n(q) = -q**3 - 2*q**2 - q + 76. Give n(0).
76
Let q(o) = -2*o + 59. Calculate q(21).
17
Let b(f) = f - 16. Calculate b(7).
-9
Let j(s) = s**3 + 12*s**2 + 8*s - 35. What is j(-11)?
-2
Let h(l) = 2*l**2 + 10*l - 21. Determine h(-7).
7
Let d(u) = 6*u + 61. Give d(-10).
1
Let o(t) = 7*t**2 - 7*t + 2. Calculate o(-2).
44
Let z(x) = 17*x**2 + x. Calculate z(-1).
16
Let l(y) = y - 6. Give l(9).
3
Let n(x) = 30*x + 156. Calculate n(-5).
6
Let j(y) = -7*y**2 - y - 1. Give j(-1).
-7
Let l(c) = -5*c**3 - 2*c**2 + c + 2. Give l(-1).
4
Let m(f) = f**3 + 4*f**2 - 16*f - 27. What is m(-6)?
-3
Let k(s) = -6*s**2 - 19*s - 2. What is k(-4)?
-22
Let f(q) = -q**3 - 7*q**2 + 2*q + 4. Determine f(-7).
-10
Let n(x) = x**3 + 15*x**2 + 2. What is n(-15)?
2
Let z(y) = y**3 - 5*y**2 - 6*y + 17. Determine z(6).
17
Let t(f) = -13*f**2 + f - 1. Determine t(1).
-13
Let v(r) = -53*r + 1050. Calculate v(20).
-10
Let o(a) = a. Give o(-3).
-3
Let h(s) = -s + 11. Calculate h(11).
0
Let i(y) = 2*y**3 - 7*y**2 - 10*y - 8. Calculate i(6).
112
Let u(r) = 3*r + 5. Determine u(9).
32
Let h(r) = -r**2 - 10*r - 4. Give h(-12).
-28
Let a(j) = 10*j - 19. Determine a(8).
61
Let k(c) = c**2 + 5*c + 16. Determine k(-9).
52
Let y(o) = -o**2 + 10*o - 9. Calculate y(10).
-9
Let h(r) = -13*r - 36. Determine h(-3).
3
Let u(y) = 32*y - 219. Give u(7).
5
Let b(x) = -x**2 - 13*x - 1. What is b(-11)?
21
Let s(j) = -j**2 + 18*j - 11. What is s(10)?
69
Let o(p) = p**2 + 19*p + 9. What is o(-8)?
-79
Let b(a) 